) - (-7 - -1)) + -71 + 1.
-64
What is the value of 1 + (-6 - -2 - -15) + (-14 - (0 + -14))?
12
What is 6 - 7 - (33 + -42 + 31)?
-23
What is the value of (-1 - (-2 + 0)) + -12 + (11 - 2)?
-2
Calculate 0 + 21 - (23 + -47 + 12).
33
24 - (-4 + 8) - ((-9 - -23) + -10)
16
1650 + -1690 - (-8 - -2)
-34
Calculate -26 + 1 - -6 - (33 - (19 + -75)).
-108
-80 - ((6 - -8) + (-17 - 2)) - -8
-67
Evaluate (209 - 148) + 19 - 149.
-69
-18 - 62 - -4 - -92
16
Calculate (-20 - (-3 + 16 + -32)) + 70 + 11.
80
83 + (41 - (28 + -18) - 55)
59
4 + 1 + 2 + (10 - (-4 + 21))
0
What is 37 + (-37 + -7 - 6 - 0)?
-13
What is (-3 - -6) + -5 + (-1 - -9) - (-14 + 92)?
-72
Calculate (8 - 2) + -137 + -3 + 29 + 5 + -13.
-113
Evaluate -13 - (-4 - (2 + (3 - 4) + 41)).
33
Evaluate -44 + 10 + -2 - (467 + -420).
-83
What is -45 - -54 - ((-1 - -5) + (19 - 57))?
43
Calculate -103 + 41 + 93 - 34.
-3
(125 - 187) + 72 + (-1 + -1 - -4)
12
What is -22 + 57 - (4 - 49 - -15)?
65
What is the value of (-5 - -1) + 5 + 13 - (-992 - -1044)?
-38
What is the value of 1 - 6 - (143 + -125 - (37 - -7))?
21
Evaluate 3 - (-75 + 13) - (-6 - -6 - -5) - -10.
70
Calculate 6 + (-5 - 2) - (52 + (-11 - -24) - 7).
-59
Evaluate 7 - (56 + 55 + -63).
-41
Evaluate (33 - (15 + -34 + 15 - 1)) + -21.
17
What is (-5 + 4 - -10) + 61 + (16 + -3 - 25)?
58
Evaluate 1 + 17 + -20 + 132 + -126.
4
50 - 1 - (-103 - (-161 - -72))
63
Calculate -3 + 3 + -39 + 38 - -7 - 89.
-83
What is 2 + (-20 + 15 - (-10 - 3)) + -36?
-26
Evaluate 54 + -60 + -41 + -4.
-51
Evaluate 21 + -4 + (2998 - 3081).
-66
What is 0 + -14 + -8 + (-21 + 17 - 1)?
-27
(-322 - -183 - -251) + -1 + 0 + -14
97
39 + (-8 - -13 - (6 + 17 + -14))
35
What is (-3 + -51 - -18) + 51 + 80?
95
243 + -117 - (73 + 2)
51
Evaluate -1 - -12 - 15 - (-18 - -12) - -134.
136
Evaluate -65 + 0 - (-3036 - -2984).
-13
Evaluate (12 + -14 - (-8 + -8)) + -33 + -1.
-20
Evaluate 84 - (41 - -12) - 47.
-16
-84 + (98 + -32 - 70)
-88
Evaluate 49 - 1 - (-5 - (26 + -14 + -8)).
57
-14 - (-26 - (4 - 4) - 39)
51
Calculate (0 - 67) + (17 - (-7 - (-12 + (25 - 50)))).
-80
What is 3 + 7 + 0 + 7 + -42 + (-7 - -6)?
-26
What is -19 + -3 + (-14 + 18 - -15)?
-3
What is the value of 55 - (92 + (95 - 203))?
71
Calculate 57 - (2 + 67 + -18).
6
What is 16 + (42 - -104 - 212)?
-50
Evaluate -9 - (-47 + 60) - (31 + -4).
-49
-1 + (41 - 23) + 43 + -16
44
What is (-16 - 0) + 176 + (129 - 258)?
31
Calculate 69 + (95 + -72 - (-3 + 9 - -17)).
69
-1 + (-28 + 8 + 16 - (1 + 0)) - -59
53
Evaluate 270 - 261 - (0 - -70) - (-4 + -3).
-54
Evaluate (108 - 4) + -69 - (-3 + 111).
-73
What is -1 + -2 + -154 + 168 - -3?
14
Calculate 3 - 53 - -94 - 0.
44
What is the value of 99 - (-14 + (97 - 30))?
46
What is 1 + -9 + -35 - (19 + 3 + -38)?
-27
(-48 - -17) + 72 + 14 + 5 + -8
52
What is 5 + (10 - (-38 + (35 - 6)))?
24
What is the value of -1 - (-3 - 24 - -3)?
23
(18 - 24 - ((1 - (10 - 4)) + 21)) + 10
-12
Calculate (-11 - -19) + -27 + (-26 - (-37 + 14)).
-22
What is the value of (-24 - -10) + 12 - (-1 + 1 + 17)?
-19
-24 - (0 + 7) - (-22 + 5 - (9 - 17))
-22
Calculate (32 - 13 - (8 + -5)) + 12.
28
What is 16 + 6 + (14 - -10) + -22?
24
(-85 - -32) + 22 - (-13 - 0) - -11
-7
-1 - (-30 - -20) - 14 - (2 - 25)
18
Calculate -5 + (2 + -13 - (-11 - (-31 + 5))).
-31
3 + 54 + (-20 - -8) + 9 - (0 + 10)
44
Calculate 7 + (-8 - -6) - (-6 - 15 - (-13 - 0)).
13
Calculate -32 - ((6 + -5 - -33) + -159).
93
What is 16 + -22 + 4 + 11 + -3 + -2?
4
1952 - 1957 - (-16 - 2)
13
What is the value of -37 + (33 - -79) + -16?
59
Evaluate 4 + 18 - (-20 + 16 - 32).
58
What is the value of -55 + 113 + -77 + 13?
-6
-3 + 61 - (-659 - -788)
-71
What is (1 - -19) + (-31 - 52 - -84)?
21
(-7 - (1 - 91)) + -1542 + 1573
114
Evaluate 155 + -250 + -3 + 5 + -5 + 6.
-92
What is the value of -43 - 3 - (1731 - 1754)?
-23
What is 18 + -2 + (4 + -11 - (-1 + 71)) - 7?
-68
Calculate -22 - -1 - (-32 - (-18 - -4)).
-3
What is (123 - 67) + -45 + 120 + -1 + -2 - 4?
124
Calculate 0 + (82 + -7 - ((-14 - -2) + 21)) + -12.
54
Calculate 15 + 1 - 3 - (44 + -40 + (-81 - 0)).
90
What is the value of 8 - ((54 + -29 - (5 + -1)) + 3 + -1)?
-15
Calculate -137 + 11 + 68 - (-11 + (2 + 0 - 0)).
-49
Evaluate 20 + (-63 - -56) - (5 - -19 - -5).
-16
Evaluate (-442 - -417) + 8 + 0 - 6.
-23
Evaluate 80 - 51 - (30 + -12) - (-33 + 0).
44
-30 + (13 - -51 - 42)
-8
Calculate (387 - 372) + (-78 - -8).
-55
Evaluate -38 - (-18 + 20 + -1 + -14).
-25
Calculate 1 + (-28 - -48) - (41 + 0).
-20
Calculate -5 + (4 - 25) + -58 - (-1 - 10 - -2).
-75
Calculate -48 + -1 + -579 + 178 + 359.
-91
What is 27 + -14 - (355 - 307)?
-35
What is -3 - (-59 - 5) - (-117 - -136)?
42
2 + -26 + 12 + 8 + -5 - -36
27
What is the value of 1146 + -1149 - (1 + 24)?
-28
-28 - (24 + -6 + -6) - 6
-46
Evaluate -35 + 15 + -5 + 50 + -113.
-88
Calculate -237 + 253 - (7 + 0) - (31 + -4).
-18
What is (5 - (2 + -12 + -10 + 5 + 49)) + -10?
-39
Calculate 4 - (-13 + -1 - (45 + -53)).
10
What is 8 - (-17 + 1 - -29)?
-5
What is 64 + 0 + -47 - 31?
-14
39 - (96 - (-53 - -65))
-45
-50 + (60 - (39 + -35))
6
Evaluate 13 - (-25 - (-113 - -163)).
88
(11 - -12) + -8 + -64 + -4
-53
What is the value of -89 + 235 + -175 - (19 - -1)?
-49
What is the value of -205 - -177 - ((-1 - 0) + (5 - 11))?
-21
Calculate 1 + (8 + -23 + 5 - (-1 + -17)).
9
Calculate 21 + -28 + (105 - (-23 + -12)).
133
Evaluate -1 - -6 - (2 - (-43 - 7) - (151 - 167)).
-63
-53 + 37 - (49 + -2)
-63
What is (-17 + 28 + -1 - -16) + -75?
-49
-47 - (58 + -60) - -32
-13
What is the value of -8 + (130 - (3 - -212))?
-93
Calculate -502 + 536 + -94 + -1.
-61
-12 + 33 + -1 + (-20 - (-19 - 10))
29
(-16 - (4 + -43) - -11) + 3
37
What is the value of (-136 + 124 - (-15 + 0)) + 37?
40
Calculate 6 - -2 - (184 - 133).
-43
What is (-5 - (-93 + 38)) + (-2 - (0 + 3))?
45
What is the value of -25 - -19 - -13 - (32 + 31)?
-56
8 - (29 - -6 - 40)
13
What is -3 - (-29 - -2 - (-156 - -154))?
22
(64 - (57 - 2)) + (-3 - 0 - 30)
-24
What is 4 + (22 - 0 - (1124 + -1117))?
19
Evaluate 2 + 1 - (73 - (16 - (3 - 27))).
-30
What is (2 - 3) + (46 + -36 - (-8 + 8)) + -76?
-67
Evaluate 290 + -294 + 15 + 4 - (0 - 81).
96
What is the value of 74 + (-88 - (-59 - 16))?
61
Evaluate 11 + -9 + -12 + 8 + 6 - (3 + 3).
-2
What is -19 - (31 + -22 - 54) - 74?
-48
Calculate 33 + -25 + 74 + 21 - (-12 - -1).
114
-12 - (-39 + 0 - -20) - (2 - -32)
-27
What is (-64 - -42) + -31 + 6 + 3 + -2?
-46
What is the value of 1 - -18 - (-102 - (116 - 216))?
21
Calculate -8 + 19 + -82 + (148 - 158).
-81
Evaluate -5 - -3 - 34 - (-1 - 17) - -92.
74
Calculate 68 - -12 - 49 - 110 - (0 - (-2 - 0)).
-81
Calculate 4 + -1 + (-49 - -12 - 16) + (36 - 27).
-41
What is -11 + -3 + -9 + (36 - -48)?
61
Calculate -515 + 535 + (2 - -20) - 107.
-65
What is the value of 1 - (-12 - (17 + 4)) - 29?
5
-13 + (39 - 17 - 4 - (1 - -1))
3
-38 + 31 - (-33 + -1 + (0 - -3 - 2))
26
Evaluate -80 + (-37 + 8 - -113).
4
4 + -10 + (-12 - 91) - (3 + -5)
-107
What is the value of -31 + 1 + (-49 - -46) + 12?
-21
Evaluate 6 + 0 + -8 + 8 + (-19 - -13).
0
79 - (-71 + 113 + -27)
64
Evaluate (-3 - (-45 + 74)) + -54.
-86
Calculate (-60 - -7) + (4 - (19 - 12 - 13 - -4)).
-47
What is the value of 26 - ((-44 - -106) + 25)?
-61
Evaluate 74 + -3 + 14 + ((0 - 2) + -7 - 0).
76
Calculate 2 - (5 - 12) - (31 + -19 + -16) - -1.
14
What is -22 + (-36 + -5 - (-91 + 82))?
-54
Calculate -2 + 38 + (659 - 702).
-7
What is the value of (3 - -25) + (159 - 158) + -4?
25
Calculate 621 + -562 - (4 - -53) - ((2 - -1) + 0).
-1
Calculate -8 + 4 + (-2 - -1) - 2 - (-166 - -183).
-24
Calculate -1 + -1 + -6 + 9179 + -9197.
-26
Evaluate -75 - ((-81 - -68) + 1 + 19 - 17).
-65
Calculate 73 - ((2 - (-2 + 2) - 3) + (859 - 863)).
78
What is 156 - (169 + -53 - -3)?
37
Calculate -111 + 47 + (230 + -217 - (-1 + 39)).
-89
Calculate (1 + -5 + -1 - (-203 + 190)) + -11.
-3
Calculate 7 - ((184 - 175) + (0 - 96)) - 15.
79
What is the value of 16 + (1 - -19) + (-32 - 38)?
-34
Calculate 69 + -5 + 1 + 10 + -14 + -9 + 2.
54
Calculate 49 + -3 + -59 - 7.
-20
-318 + 282 - (-68 + -5)
37
What is 2 + 21 + (-20 - (-49 + 49 + -26))?
29
What is 21 + -193 + (148 - 113)?
-137
Evaluate (-2 - (2 + -30)) + (-26 + 42 - 25).
17
What is 9 - (25 + -2) - (2 - 2) - 3?
-17
Evaluate (-110 - -1) + (-52 - (-23 - 5)) + (5 - -34).
-94
Calculate -31 + (33 + 81 - 112).
-29
What is (43 - (-40 + 59)) 